 prime factors of 17970?
2, 3, 5, 599
What are the prime factors of 581?
7, 83
What are the prime factors of 1389?
3, 463
What are the prime factors of 128?
2
What are the prime factors of 626?
2, 313
What are the prime factors of 20262?
2, 3, 11, 307
List the prime factors of 7171.
71, 101
List the prime factors of 70485.
3, 5, 37, 127
What are the prime factors of 16140?
2, 3, 5, 269
What are the prime factors of 2426?
2, 1213
What are the prime factors of 2140?
2, 5, 107
List the prime factors of 289.
17
List the prime factors of 3113.
11, 283
List the prime factors of 88154.
2, 11, 4007
What are the prime factors of 23457?
3, 7, 1117
What are the prime factors of 14820?
2, 3, 5, 13, 19
List the prime factors of 35887.
17, 2111
List the prime factors of 2208.
2, 3, 23
List the prime factors of 51.
3, 17
List the prime factors of 1848.
2, 3, 7, 11
List the prime factors of 2117.
29, 73
List the prime factors of 2905.
5, 7, 83
What are the prime factors of 133?
7, 19
What are the prime factors of 7228?
2, 13, 139
List the prime factors of 15691.
13, 17, 71
List the prime factors of 34613.
34613
What are the prime factors of 842?
2, 421
What are the prime factors of 15537?
3, 5179
What are the prime factors of 2914?
2, 31, 47
What are the prime factors of 10908?
2, 3, 101
What are the prime factors of 1678?
2, 839
What are the prime factors of 1065?
3, 5, 71
What are the prime factors of 8797?
19, 463
What are the prime factors of 1262?
2, 631
List the prime factors of 17078.
2, 8539
What are the prime factors of 17667?
3, 13, 151
List the prime factors of 9718.
2, 43, 113
What are the prime factors of 17?
17
What are the prime factors of 837?
3, 31
What are the prime factors of 10126?
2, 61, 83
What are the prime factors of 4930?
2, 5, 17, 29
What are the prime factors of 26373?
3, 59, 149
List the prime factors of 1681.
41
List the prime factors of 8496.
2, 3, 59
List the prime factors of 5732.
2, 1433
What are the prime factors of 951?
3, 317
List the prime factors of 79439.
19, 37, 113
What are the prime factors of 142961?
7, 13, 1571
What are the prime factors of 4007?
4007
List the prime factors of 8177.
13, 17, 37
List the prime factors of 4501.
7, 643
List the prime factors of 958.
2, 479
List the prime factors of 51554.
2, 149, 173
List the prime factors of 343.
7
List the prime factors of 803.
11, 73
What are the prime factors of 1165?
5, 233
What are the prime factors of 86777?
107, 811
What are the prime factors of 65304?
2, 3, 907
What are the prime factors of 2962?
2, 1481
What are the prime factors of 1800?
2, 3, 5
What are the prime factors of 27612?
2, 3, 13, 59
List the prime factors of 4006.
2, 2003
List the prime factors of 38332.
2, 7, 37
What are the prime factors of 44870?
2, 5, 7, 641
List the prime factors of 608.
2, 19
List the prime factors of 2320.
2, 5, 29
What are the prime factors of 16424?
2, 2053
List the prime factors of 1746.
2, 3, 97
List the prime factors of 41636.
2, 7, 1487
What are the prime factors of 7505?
5, 19, 79
What are the prime factors of 7966?
2, 7, 569
List the prime factors of 3224.
2, 13, 31
What are the prime factors of 1078?
2, 7, 11
List the prime factors of 17675.
5, 7, 101
List the prime factors of 38904.
2, 3, 1621
What are the prime factors of 85224?
2, 3, 53, 67
List the prime factors of 1176.
2, 3, 7
List the prime factors of 66108.
2, 3, 7, 787
What are the prime factors of 17759?
7, 43, 59
What are the prime factors of 1034?
2, 11, 47
What are the prime factors of 27?
3
List the prime factors of 2246.
2, 1123
List the prime factors of 51207.
3, 13, 101
What are the prime factors of 7100?
2, 5, 71
List the prime factors of 29115.
3, 5, 647
What are the prime factors of 2439?
3, 271
List the prime factors of 369.
3, 41
List the prime factors of 10783.
41, 263
List the prime factors of 18896.
2, 1181
List the prime factors of 3703.
7, 23
List the prime factors of 48023.
48023
What are the prime factors of 17865?
3, 5, 397
What are the prime factors of 36741?
3, 37, 331
What are the prime factors of 1264?
2, 79
What are the prime factors of 8573?
8573
List the prime factors of 610.
2, 5, 61
What are the prime factors of 2389?
2389
List the prime factors of 1832.
2, 229
What are the prime factors of 12194?
2, 7, 13, 67
What are the prime factors of 11981?
11981
List the prime factors of 870.
2, 3, 5, 29
What are the prime factors of 3703?
7, 23
What are the prime factors of 643?
643
What are the prime factors of 134287?
134287
List the prime factors of 111305.
5, 113, 197
What are the prime factors of 220?
2, 5, 11
What are the prime factors of 1100?
2, 5, 11
List the prime factors of 4985.
5, 997
What are the prime factors of 29626?
2, 14813
List the prime factors of 14299.
79, 181
List the prime factors of 391.
17, 23
List the prime factors of 7379.
47, 157
List the prime factors of 844.
2, 211
What are the prime factors of 4131?
3, 17
List the prime factors of 2913.
3, 971
What are the prime factors of 35590?
2, 5, 3559
What are the prime factors of 1775?
5, 71
List the prime factors of 2713.
2713
List the prime factors of 58675.
5, 2347
List the prime factors of 1839.
3, 613
List the prime factors of 54218.
2, 27109
List the prime factors of 32739.
3, 7, 1559
List the prime factors of 234.
2, 3, 13
List the prime factors of 1352.
2, 13
What are the prime factors of 2458?
2, 1229
What are the prime factors of 1834?
2, 7, 131
What are the prime factors of 139726?
2, 19, 3677
List the prime factors of 1472.
2, 23
List the prime factors of 54869.
54869
List the prime factors of 844.
2, 211
What are the prime factors of 5460?
2, 3, 5, 7, 13
List the prime factors of 10729.
10729
List the prime factors of 4684.
2, 1171
List the prime factors of 1797.
3, 599
What are the prime factors of 1451?
1451
List the prime factors of 19864.
2, 13, 191
List the prime factors of 111.
3, 37
List the prime factors of 1071.
3, 7, 17
List the prime factors of 45262.
2, 7, 53, 61
What are the prime factors of 99?
3, 11
What are the prime factors of 16769?
41, 409
List the prime factors of 15990.
2, 3, 5, 13, 41
What are the prime factors of 4696?
2, 587
List the prime factors of 16336.
2, 1021
List the prime factors of 43219.
11, 3929
What are the prime factors of 13846?
2, 7, 23, 43
What are the prime factors of 10?
2, 5
What are the prime factors of 23622?
2, 3, 31, 127
What are the prime factors of 5111?
19, 269
List the prime factors of 25960.
2, 5, 11, 59
What are the prime factors of 305?
5, 61
List the prime factors of 17331.
3, 53, 109
List the prime factors of 5789.
7, 827
What are the prime factors of 4248?
2, 3, 59
What are the prime factors of 60?
2, 3, 5
What are the prime factors of 37129?
107, 347
List the prime factors of 99523.
99523
What are the prime factors of 2083?
2083
List the prime factors of 24556.
2, 7, 877
List the prime factors of 189999.
3, 31, 227
List the prime factors of 2257.
37, 61
What are the prime factors of 49278?
2, 3, 43, 191
List the prime factors of 849.
3, 283
List the prime factors of 48434.
2, 61, 397
What are the prime factors of 9478?
2, 7, 677
What are the prime factors of 6?
2, 3
List the prime factors of 745.
5, 149
What are the prime factors of 1714?
2, 857
What are the prime factors of 3887?
13, 23
What are the prime factors of 376?
2, 47
List the prime factors of 8326.
2, 23, 181
List the prime factors of 1921.
17, 113
List the prime factors of 2568.
2, 3, 107
What are the prime factors of 84420?
2, 3, 5, 7, 67
What are the prime factors of 109645?
5, 21929
List the prime factors of 665.
5, 7, 19
List the prime factors of 311.
311
List the prime factors of 44936.
2, 41, 137
What are the prime factors of 2724?
2, 3, 227
List the prime factors of 68780.
2, 5, 19, 181
List the prime factors of 42013.
42013
What are the prime factors of 145997?
83, 1759
List the prime factors of 16776.
2, 3, 233
What are the prime factors of 6889?
83
List the prime factors of 35612.
2, 29, 307
List the prime factors of 7722.
2, 3, 11, 13
What are the prime factors of 18299?
29, 631
List the prime factors of 28287.
3, 7, 449
What are the prime factors of 774?
2, 3, 43
List the prime factors of 852.
2, 3, 71
List the prime factors of 13646.
2, 6823
List the prime factors